vided by 157?
116
Calculate the remainder when 169 is divided by 44.
37
What is the remainder when 125 is divided by 44?
37
What is the remainder when 5999 is divided by 48?
47
What is the remainder when 190 is divided by 63?
1
What is the remainder when 192 is divided by 37?
7
What is the remainder when 332 is divided by 171?
161
Calculate the remainder when 33463 is divided by 115.
113
What is the remainder when 255 is divided by 52?
47
What is the remainder when 4175 is divided by 85?
10
Calculate the remainder when 1504 is divided by 298.
14
Calculate the remainder when 57 is divided by 30.
27
What is the remainder when 46 is divided by 30?
16
Calculate the remainder when 342 is divided by 58.
52
What is the remainder when 142 is divided by 18?
16
Calculate the remainder when 122 is divided by 14.
10
What is the remainder when 4179 is divided by 113?
111
Calculate the remainder when 1024 is divided by 171.
169
What is the remainder when 67 is divided by 39?
28
What is the remainder when 69 is divided by 65?
4
What is the remainder when 46 is divided by 13?
7
What is the remainder when 64 is divided by 37?
27
Calculate the remainder when 681 is divided by 158.
49
Calculate the remainder when 123 is divided by 56.
11
What is the remainder when 236 is divided by 8?
4
Calculate the remainder when 4 is divided by 4.
0
Calculate the remainder when 3019 is divided by 168.
163
Calculate the remainder when 162 is divided by 43.
33
What is the remainder when 179 is divided by 18?
17
What is the remainder when 427 is divided by 94?
51
Calculate the remainder when 75 is divided by 22.
9
Calculate the remainder when 124 is divided by 69.
55
Calculate the remainder when 258 is divided by 89.
80
What is the remainder when 2515 is divided by 13?
6
What is the remainder when 2275 is divided by 34?
31
What is the remainder when 359 is divided by 106?
41
What is the remainder when 656 is divided by 51?
44
What is the remainder when 1919 is divided by 20?
19
What is the remainder when 1781 is divided by 35?
31
Calculate the remainder when 634 is divided by 163.
145
What is the remainder when 942 is divided by 21?
18
Calculate the remainder when 59 is divided by 51.
8
What is the remainder when 1677 is divided by 24?
21
What is the remainder when 2471 is divided by 276?
263
Calculate the remainder when 470 is divided by 232.
6
Calculate the remainder when 1858 is divided by 98.
94
What is the remainder when 29 is divided by 14?
1
What is the remainder when 63 is divided by 4?
3
What is the remainder when 795 is divided by 210?
165
Calculate the remainder when 349 is divided by 14.
13
What is the remainder when 80 is divided by 14?
10
What is the remainder when 773 is divided by 97?
94
Calculate the remainder when 383 is divided by 35.
33
Calculate the remainder when 168 is divided by 84.
0
What is the remainder when 293 is divided by 27?
23
Calculate the remainder when 805 is divided by 56.
21
What is the remainder when 2626 is divided by 220?
206
What is the remainder when 142 is divided by 12?
10
What is the remainder when 196 is divided by 30?
16
What is the remainder when 262 is divided by 43?
4
Calculate the remainder when 51 is divided by 13.
12
Calculate the remainder when 1511 is divided by 368.
39
What is the remainder when 17 is divided by 6?
5
What is the remainder when 1546 is divided by 12?
10
Calculate the remainder when 123 is divided by 63.
60
Calculate the remainder when 40 is divided by 26.
14
What is the remainder when 1987 is divided by 17?
15
What is the remainder when 1306 is divided by 219?
211
Calculate the remainder when 3550 is divided by 111.
109
What is the remainder when 32 is divided by 11?
10
Calculate the remainder when 2492 is divided by 52.
48
Calculate the remainder when 252 is divided by 52.
44
Calculate the remainder when 32373 is divided by 259.
257
What is the remainder when 50 is divided by 4?
2
Calculate the remainder when 154 is divided by 12.
10
What is the remainder when 402 is divided by 27?
24
What is the remainder when 177 is divided by 60?
57
Calculate the remainder when 131 is divided by 11.
10
Calculate the remainder when 650 is divided by 73.
66
Calculate the remainder when 642 is divided by 84.
54
Calculate the remainder when 106 is divided by 93.
13
What is the remainder when 861 is divided by 54?
51
Calculate the remainder when 3372 is divided by 27.
24
Calculate the remainder when 50 is divided by 9.
5
What is the remainder when 59 is divided by 21?
17
Calculate the remainder when 307 is divided by 11.
10
What is the remainder when 1635 is divided by 58?
11
What is the remainder when 1852 is divided by 169?
162
What is the remainder when 3034 is divided by 303?
4
Calculate the remainder when 218 is divided by 37.
33
What is the remainder when 52 is divided by 35?
17
What is the remainder when 503 is divided by 9?
8
Calculate the remainder when 314 is divided by 91.
41
What is the remainder when 19 is divided by 3?
1
Calculate the remainder when 1351 is divided by 19.
2
What is the remainder when 852 is divided by 39?
33
What is the remainder when 45 is divided by 27?
18
What is the remainder when 162 is divided by 35?
22
What is the remainder when 137 is divided by 4?
1
What is the remainder when 2633 is divided by 56?
1
What is the remainder when 1807 is divided by 163?
14
What is the remainder when 326 is divided by 48?
38
What is the remainder when 444 is divided by 90?
84
What is the remainder when 41 is divided by 11?
8
Calculate the remainder when 39 is divided by 10.
9
Calculate the remainder when 137 is divided by 43.
8
What is the remainder when 14959 is divided by 220?
219
What is the remainder when 3757 is divided by 936?
13
What is the remainder when 27 is divided by 10?
7
What is the remainder when 69 is divided by 14?
13
Calculate the remainder when 42157 is divided by 19.
15
Calculate the remainder when 421 is divided by 35.
1
What is the remainder when 177 is divided by 18?
15
What is the remainder when 210 is divided by 25?
10
What is the remainder when 188 is divided by 60?
8
What is the remainder when 7552 is divided by 24?
16
What is the remainder when 99 is divided by 10?
9
Calculate the remainder when 656 is divided by 31.
5
What is the remainder when 168 is divided by 60?
48
What is the remainder when 185 is divided by 27?
23
What is the remainder when 232 is divided by 26?
24
Calculate the remainder when 6973 is divided by 2323.
4
Calculate the remainder when 200 is divided by 50.
0
What is the remainder when 213 is divided by 95?
23
Calculate the remainder when 108 is divided by 2.
0
What is the remainder when 390 is divided by 40?
30
Calculate the remainder when 1033 is divided by 115.
113
Calculate the remainder when 142 is divided by 23.
4
What is the remainder when 196 is divided by 40?
36
What is the remainder when 657 is divided by 97?
75
What is the remainder when 10705 is divided by 170?
165
What is the remainder when 4196 is divided by 221?
218
Calculate the remainder when 1289 is divided by 17.
14
What is the remainder when 1844 is divided by 41?
40
Calculate the remainder when 249 is divided by 82.
3
What is the remainder when 4362 is divided by 9?
6
Calculate the remainder when 111 is divided by 15.
6
What is the remainder when 32434 is divided by 14?
10
What is the remainder when 20 is divided by 17?
3
What is the remainder when 124 is divided by 16?
12
What is the remainder when 403 is divided by 18?
7
Calculate the remainder when 224 is divided by 73.
5
What is the remainder when 65 is divided by 37?
28
Calculate the remainder when 64 is divided by 59.
5
Calculate the remainder when 136 is divided by 18.
10
Calculate the remainder when 446 is divided by 75.
71
What is the remainder when 468 is divided by 406?
62
What is the remainder when 1093 is divided by 235?
153
Calculate the remainder when 80 is divided by 30.
20
What is the remainder when 420 is divided by 42?
0
Calculate the remainder when 163 is divided by 75.
13
Calculate the remainder when 61 is divided by 55.
6
Calculate the remainder when 47 is divided by 14.
5
What is the remainder when 247 is divided by 19?
0
Calculate the remainder when 350 is divided by 109.
23
What is the remainder when 101 is d